eds digit of 57326?
3
What is the millions digit of 1677864?
1
What is the ten thousands digit of 15200?
1
What is the units digit of 932778?
8
What is the ten thousands digit of 391132?
9
What is the thousands digit of 4524062?
4
What is the ten thousands digit of 323910?
2
What is the thousands digit of 292614?
2
What is the millions digit of 1743648?
1
What is the tens digit of 27364?
6
What is the tens digit of 567687?
8
What is the millions digit of 4951944?
4
What is the hundreds digit of 194318?
3
What is the hundreds digit of 29629206?
2
What is the hundred thousands digit of 260491?
2
What is the hundred thousands digit of 518385?
5
What is the hundred thousands digit of 1034833?
0
What is the thousands digit of 4978299?
8
What is the millions digit of 7241510?
7
What is the thousands digit of 999220?
9
What is the ten thousands digit of 8399617?
9
What is the tens digit of 11435728?
2
What is the units digit of 628096?
6
What is the thousands digit of 579272?
9
What is the hundreds digit of 5483281?
2
What is the units digit of 13222?
2
What is the ten millions digit of 19882710?
1
What is the tens digit of 63935?
3
What is the thousands digit of 40573?
0
What is the ten millions digit of 17916391?
1
What is the units digit of 238850?
0
What is the thousands digit of 974056?
4
What is the tens digit of 2904426?
2
What is the hundred thousands digit of 3882030?
8
What is the ten millions digit of 10932220?
1
What is the tens digit of 40701052?
5
What is the hundred thousands digit of 680258?
6
What is the ten thousands digit of 21209?
2
What is the tens digit of 331337?
3
What is the units digit of 201833?
3
What is the ten millions digit of 24035335?
2
What is the thousands digit of 590983?
0
What is the ten millions digit of 10709443?
1
What is the hundred thousands digit of 184284?
1
What is the thousands digit of 4979813?
9
What is the units digit of 316938?
8
What is the hundred thousands digit of 262414?
2
What is the tens digit of 345670?
7
What is the thousands digit of 190832?
0
What is the ten millions digit of 14943562?
1
What is the ten thousands digit of 82302?
8
What is the hundreds digit of 60596?
5
What is the ten thousands digit of 3571484?
7
What is the hundreds digit of 54692?
6
What is the millions digit of 14610536?
4
What is the tens digit of 39651065?
6
What is the tens digit of 1856554?
5
What is the ten thousands digit of 692738?
9
What is the tens digit of 429544?
4
What is the units digit of 12650995?
5
What is the thousands digit of 806929?
6
What is the hundred thousands digit of 1466410?
4
What is the hundred thousands digit of 221483?
2
What is the millions digit of 32470216?
2
What is the hundred thousands digit of 2239239?
2
What is the hundred thousands digit of 16200050?
2
What is the tens digit of 1335208?
0
What is the tens digit of 468735?
3
What is the hundred thousands digit of 2793021?
7
What is the ten thousands digit of 17188?
1
What is the tens digit of 1926343?
4
What is the thousands digit of 26936?
6
What is the hundreds digit of 1159309?
3
What is the ten millions digit of 13280806?
1
What is the tens digit of 27866?
6
What is the units digit of 21441536?
6
What is the hundred thousands digit of 2151834?
1
What is the hundreds digit of 38377762?
7
What is the hundred thousands digit of 1575218?
5
What is the ten thousands digit of 701789?
0
What is the units digit of 6000651?
1
What is the thousands digit of 888074?
8
What is the thousands digit of 2629198?
9
What is the hundred thousands digit of 125000?
1
What is the hundred thousands digit of 2064152?
0
What is the hundred thousands digit of 2075506?
0
What is the units digit of 391130?
0
What is the units digit of 18703544?
4
What is the units digit of 396735?
5
What is the millions digit of 6284108?
6
What is the units digit of 578055?
5
What is the thousands digit of 15943196?
3
What is the ten thousands digit of 1229152?
2
What is the tens digit of 133291?
9
What is the hundred thousands digit of 743477?
7
What is the thousands digit of 2671818?
1
What is the tens digit of 1301?
0
What is the hundreds digit of 10186317?
3
What is the tens digit of 1672843?
4
What is the thousands digit of 32176?
2
What is the ten thousands digit of 42329?
4
What is the hundred thousands digit of 436578?
4
What is the ten thousands digit of 2030203?
3
What is the tens digit of 119671?
7
What is the millions digit of 13578349?
3
What is the units digit of 8205753?
3
What is the hundreds digit of 396270?
2
What is the hundreds digit of 7953131?
1
What is the units digit of 340158?
8
What is the ten thousands digit of 124241?
2
What is the ten thousands digit of 1735302?
3
What is the ten thousands digit of 16727141?
2
What is the hundreds digit of 3768854?
8
What is the hundreds digit of 136756?
7
What is the hundred thousands digit of 816968?
8
What is the ten thousands digit of 95096?
9
What is the ten thousands digit of 276178?
7
What is the ten thousands digit of 173904?
7
What is the hundreds digit of 11539664?
6
What is the hundreds digit of 86953?
9
What is the tens digit of 478468?
6
What is the ten thousands digit of 78932?
7
What is the hundreds digit of 7401194?
1
What is the tens digit of 406475?
7
What is the ten thousands digit of 542822?
4
What is the ten thousands digit of 8270088?
7
What is the hundred thousands digit of 1075724?
0
What is the ten thousands digit of 4464109?
6
What is the thousands digit of 3428714?
8
What is the tens digit of 8965961?
6
What is the tens digit of 927007?
0
What is the units digit of 5752948?
8
What is the tens digit of 646335?
3
What is the thousands digit of 5682735?
2
What is the hundreds digit of 3232793?
7
What is the ten thousands digit of 2747670?
4
What is the units digit of 204942?
2
What is the units digit of 8695604?
4
What is the thousands digit of 1290198?
0
What is the hundreds digit of 4594638?
6
What is the units digit of 1151279?
9
What is the hundred thousands digit of 1036722?
0
What is the ten thousands digit of 6291848?
9
What is the hundred thousands digit of 3642778?
6
What is the ten thousands digit of 4993132?
9
What is the units digit of 1253124?
4
What is the units digit of 397797?
7
What is the hundreds digit of 1114659?
6
What is the tens digit of 119271?
7
What is the tens digit of 225534?
3
What is the thousands digit of 1893974?
3
What is the hundreds digit of 1550239?
2
What is the hundred thousands digit of 9760124?
7
What is the thousands digit of 17115556?
5
What is the hundred thousands digit of 1027551?
0
What is the thousands digit of 9122921?
2
What is the tens digit of 462235?
3
What is the hundred thousands digit of 713057?
7
What is the thousands digit of 23319562?
9
What is the ten thousands digit of 49846?
4
What is the hundreds digit of 461459?
4
What is the ten thousands digit of 423960?
2
What is the hundred thousands digit of 18197980?
1
What is the ten millions digit of 10119156?
1
What is the units digit of 6583671?
1
What is the thousands digit of 94211?
4
What is the hundreds digit of 433206?
2
What is the tens digit of 192136?
3
What is the thousands digit of 2135499?
5
What is the ten thousands digit of 279142?
7
What is the tens digit of 251873?
7
What is the hundred thousands digit of 689595?
6
What is the hundred thousands digit of 17100160?
1
What is the thousands digit of 597321?
7
What is the units digit of 13024399?
9
What is the thousands digit of 6244184?
4
What is the ten thousands digit of 2707455?
0
What is the hundreds digit of 2547755?
7
What is the thousands digit of 1730843?
0
What is the millions digit of 31246896?
1
What is the millions digit of 2424384?
2
What is the hundreds digit of 1721208?
2
What is the hundred thousands digit of 2064644?
0
What is the thousands digit of 72710?
2
What is the ten millions digit of 19070037?
1
What is the hundreds digit of 39376946?
9
What is the millions digit of 8452952?
8
What is the thousands digit of 38711181?
1
What is the millions digit of 1074176?
1
What is the thousands digit of 221565?
1
What is the thousands digit of 103627?
3
What is the thousands digit of 3239817?
9
What is the tens digit of 4329680?
8
What is the hundreds digit of 389235?
2
What is the hundreds digit of 6903